 a prime number?
True
Is 1041 a composite number?
True
Is 2103 a prime number?
False
Is 933209 a prime number?
True
Is 71 prime?
True
Is 3079 a prime number?
True
Is 3561 composite?
True
Is 1902539 a prime number?
True
Is 18329 composite?
False
Is 13199 a composite number?
True
Is 16183 prime?
True
Is 10381 a prime number?
False
Is 6259 prime?
False
Is 3433 prime?
True
Is 9005 a prime number?
False
Is 140863 composite?
False
Is 791671 prime?
False
Is 863 prime?
True
Is 932489 composite?
True
Is 40711 composite?
True
Is 76697 prime?
True
Is 29813 prime?
False
Is 206993 prime?
True
Is 45517 prime?
False
Is 218391 a prime number?
False
Is 8222 composite?
True
Is 132221 a composite number?
True
Is 3261437 a prime number?
True
Is 223999 a prime number?
True
Is 44953 prime?
True
Is 3959 a prime number?
False
Is 711329 a prime number?
True
Is 15115 prime?
False
Is 19111 prime?
False
Is 180857 composite?
True
Is 1151 composite?
False
Is 11743 prime?
True
Is 287171 a composite number?
True
Is 7829 a composite number?
False
Is 6599 composite?
False
Is 29117 prime?
False
Is 38917 prime?
True
Is 479 a composite number?
False
Is 26947 prime?
True
Is 212623 composite?
True
Is 17846 a composite number?
True
Is 1081 composite?
True
Is 2307 composite?
True
Is 3691 composite?
False
Is 100291 prime?
True
Is 323 a composite number?
True
Is 14137 a prime number?
False
Is 1756001 prime?
False
Is 571279 composite?
False
Is 9034 composite?
True
Is 81337 a composite number?
True
Is 45007 prime?
True
Is 214747 composite?
True
Is 1382983 composite?
True
Is 877 composite?
False
Is 109063 a composite number?
False
Is 3491 a composite number?
False
Is 298153 a composite number?
False
Is 7717 a composite number?
False
Is 942215 prime?
False
Is 4249 composite?
True
Is 1889 a composite number?
False
Is 1703545 composite?
True
Is 1399 a prime number?
True
Is 46067 a composite number?
True
Is 1439 a prime number?
True
Is 80273 a composite number?
False
Is 10793 composite?
True
Is 10481 a prime number?
False
Is 463363 a prime number?
True
Is 8269 composite?
False
Is 11963 prime?
False
Is 537739 a prime number?
True
Is 23813 a prime number?
True
Is 448453 a prime number?
False
Is 37951 composite?
False
Is 4201 prime?
True
Is 2237 prime?
True
Is 4258 prime?
False
Is 1459 a composite number?
False
Is 9601 a composite number?
False
Is 23105 a prime number?
False
Is 23 a prime number?
True
Is 35491 prime?
True
Is 2393 a prime number?
True
Is 3183 composite?
True
Is 1342195 a composite number?
True
Is 1348889 composite?
False
Is 30509 prime?
True
Is 73181 a composite number?
False
Is 92023 prime?
False
Is 250109 a prime number?
True
Is 842987 prime?
True
Is 565737 composite?
True
Is 2911 composite?
True
Is 1209007 composite?
False
Is 22199 prime?
False
Is 76537 a prime number?
True
Is 166651 a prime number?
False
Is 5617 a prime number?
False
Is 195313 composite?
True
Is 518333 composite?
True
Is 2473 prime?
True
Is 8171 a prime number?
True
Is 54743 a prime number?
False
Is 637889 a prime number?
False
Is 4489 prime?
False
Is 126733 a prime number?
True
Is 12071 a prime number?
True
Is 326031 a composite number?
True
Is 576287 prime?
True
Is 220793 a composite number?
False
Is 13073 a composite number?
True
Is 330509 composite?
False
Is 807997 composite?
False
Is 362789 a composite number?
True
Is 10289 a composite number?
False
Is 449 composite?
False
Is 679 prime?
False
Is 37633 prime?
True
Is 373967 prime?
False
Is 6326 a prime number?
False
Is 77001 prime?
False
Is 24733 a prime number?
True
Is 174719 a prime number?
False
Is 34957 a composite number?
True
Is 4889737 a prime number?
False
Is 2839 a prime number?
False
Is 861983 a composite number?
True
Is 499 a composite number?
False
Is 69271 a prime number?
False
Is 220231 composite?
True
Is 11389 composite?
True
Is 14401 a composite number?
False
Is 95177 composite?
False
Is 264463 a composite number?
False
Is 10651 a prime number?
True
Is 403171 a composite number?
True
Is 287333 composite?
False
Is 1229 a composite number?
False
Is 134471 prime?
True
Is 2747671 composite?
False
Is 35833 prime?
False
Is 110749 prime?
True
Is 7247 prime?
True
Is 6491 a prime number?
True
Is 188249 a prime number?
True
Is 137567 prime?
True
Is 571093 a composite number?
False
Is 15689 a prime number?
False
Is 4049 a prime number?
True
Is 1045273 a composite number?
False
Is 43773 prime?
False
Is 62459 a prime number?
True
Is 748853 a prime number?
False
Is 1453183 prime?
False
Is 1361 a composite number?
False
Is 206617 a composite number?
True
Is 3691 composite?
False
Is 153443 a prime number?
True
Is 4751 a composite number?
False
Is 1709087 composite?
False
Is 1543 prime?
True
Is 4283 a prime number?
True
Is 298255 composite?
True
Is 11273 composite?
False
Is 972953 a prime number?
False
Is 6113 prime?
True
Is 36779 composite?
False
Is 6300427 a composite number?
True
Is 103381 composite?
True
Is 211493 composite?
False
Is 2302 a composite number?
True
Is 148541 a prime number?
False
Is 211053 prime?
False
Is 201743 prime?
True
Is 1062619 composite?
True
Is 25423 prime?
True
Is 15185 composite?
True
Is 124459 a prime number?
True
Is 48281 a prime number?
True
Is 12227 a composite number?
False
Is 127109 composite?
True
Is 58601 a prime number?
True
Is 6017 prime?
False
Is 4861 composite?
False
Is 48109 prime?
True
Is 1561 a composite number?
True
Is 7273 composite?
True
Is 70867 a composite number?
False
Is 161663 a prime number?
False
Is 45839 composite?
True
Is 94099 a prime number?
True
Is 2293894 a prime number?
False
Is 117573 a composite number?
True
Is 2521 a composite number?
False
Is 3067 prime?
True
Is 40559 a composite number?
False
Is 500567 a composite number?
False
Is 371 a composite number?
True
Is 335 composite?
True
Is 353293 a composite number?
False
Is 37429 a prime number?
False
Is 35078 a composite number?
True
Is 9407 a prime number?
False
Is 92551 a prime number?
True
Is 57637 composite?
False
Is 436673 composite?
False
Is 91 a prime number?
False
Is 1011095 a composite number?
True
Is 774409 prime?
False
Is 12047 composite?
True
Is 2719 a prime number?
True
Is 2897 a composite number?
False
Is 6089 a prime number?
True
Is 20681 a composite number?
False
Is 163793 composite?
True
Is 5855 composite?
True
Is 50729 a prime number?
False
Is 10007 a composite number?
False
Is 130751 composite?
True
Is 45523 composite?
False
Is 435187 prime?
True
Is 406309 a prime number?
True
Is 227623 prime?
False
Is 543959 a composite number?
True
Is 225007 a prime number?
False
Is 4873 prime?
False
Is 155095 a prime number?
False
Is 18899 prime?
True
Is 22207 composite?
True
Is 221313 composite?
True
Is 1224139 composite?
True
Is 44899 a composite number?
True
Is 1253 prime?
False
Is 194809 a composite number?
False
Is 12603 prime?
False
Is 554 a composite number?
True
Is 98818 a prime number?
False
Is 28979 prime?
True
Is 138626 prime?
False
Is 1087 composite?
False
Is 15419 composite?
True
Is 134021 a composite number?
True
Is 421973 a composite number?
False
Is 656723 composite?
True
Is 34693 a composite number?
False
Is 1691669 a prime number?
False
Is 173599 a prime number?
True
Is 37331 composite?
True
Is 2761 composite?
True
Is 4742 a prime number?
False
Is 87209 a prime number?
False
Is 224669 a prime number?
True
Is 4399 a prime number?
False
Is 19957 a prime number?
False
Is 251347 a composite number?
False
Is 1666559 a prime number?
True
Is 53353 a composite number?
False
Is 3489 a prime number?
False
Is 1881701 composite?
True
Is 2227 a composite number?
True
Is 146593 a prime number?
False
Is 899 composite?
True
Is 19547 a composite number?
True
Is 231191 a prime number?
False
Is 757 composite?
False
Is 5017 a prime number?
False
Is 145949 composite?
False
Is 14369 composite?
False
Is 36221 a prime number?
False
Is 3589 a composite number?
True
Is 35671 composite?
False
Is 415479 composite?
True
Is 330991 a composite number?
True
Is 1973 a prime number?
True
Is 55729 composite?
True
Is 11405 composite?
True
Is 1454 prime?
False
Is 131897 a prime number?
False
Is 38578 a composite number?
True
Is 121 composite?
True
Is 135089 composite?
False
Is 164947 prime?
False
Is 1133705 a composite number?
True
Is 12457 a composite